{"id":507,"date":"2021-03-17T22:06:00","date_gmt":"2021-03-17T21:06:00","guid":{"rendered":"http:\/\/bioreactor.kayser.it\/?page_id=507"},"modified":"2021-03-17T22:06:01","modified_gmt":"2021-03-17T21:06:01","slug":"privacy-policy-ita","status":"publish","type":"page","link":"http:\/\/www.bioreactorexpress.com\/?page_id=507","title":{"rendered":"Privacy Policy ita"},"content":{"rendered":"\n<p><strong>Condizioni Generali del Sito<\/strong><\/p>\n\n\n\n<p>Le presenti Condizioni Generali (le \u201cCondizioni Generali\u201d) di Utilizzo del Sito www.kayser.it (il \u201cSito\u201d) gestito da Kayser Italia S.r.l.&nbsp; con sede legale in Livorno, Via di Popogna, 501 partita I.V.A. n. : 00827910498 regolano le attivit\u00e0 svolte sul Sito e ogni utente che accede al Sito riconosce e accetta le presenti Condizioni Generali.L\u2019utente che naviga nelle pagine del Sito \u00e8 tenuto ad attenersi alle seguenti Condizioni Generali.<\/p>\n\n\n\n<p>L\u2019accesso al Sito e comunque qualsiasi azione che comporti la navigazione sulle sue pagine web costituiscono accettazione delle seguenti Condizioni Generali.<\/p>\n\n\n\n<p>Nel caso in cui l\u2019utente non intenda accettare le Condizioni Generali, lo stesso dovr\u00e0 abbandonare immediatamente il Sito. Inoltre, chiunque accede al Sito dichiara di essere maggiorenne e di non utilizzare il Sito ed il materiale in esso contenuto per scopi illeciti o comunque contrari alle vigenti norme di legge.<\/p>\n\n\n\n<p>Si invita l\u2019utente del Sito a prendere attenta visione ed a consultare frequentemente il presente documento. Le Condizioni Generali possono, infatti, essere modificate da Kayser Italia s.r.l. in qualunque momento, pubblicando la versione aggiornata delle Condizioni Generali sul Sito senza alcun preavviso.<\/p>\n\n\n\n<p>Qualora all\u2019interno delle pagine web del Sito vengano offerti beni e servizi o presentati contenuti soggetti a specifici termini e condizioni riportati in tali pagine, le stesse prevarranno sulle presenti Condizioni Generali.<\/p>\n\n\n\n<p><strong>Contenuto del Sito<\/strong>&nbsp;<\/p>\n\n\n\n<p>Kayser Italia s.r.l.&nbsp; intende offrire, tramite le pagine del Sito, informazioni di carattere generale in relazione alla propria attivit\u00e0 e, sebbene queste ultime vengano costantemente verificate ed aggiornate da personale competente ed appositamente selezionato, resta inteso che il contenuto delle stesse non deve essere considerato n\u00e9 esaustivo n\u00e9 completo. Pertanto, in occasione della navigazione sul Sito l\u2019utente deve svolgere una autonoma ed ulteriore verifica della correttezza delle informazioni ivi riportate. Infatti, Kayser Italia s.r.l. non fornisce alcuna garanzia in merito ai contenuti del Sito.<\/p>\n\n\n\n<p>Sul Sito possono essere inseriti dei link collegati sia a siti di terzi che di societ\u00e0 partecipate di Kayser italia S.r.l. I collegamenti ipertestuali hanno unicamente la funzione di facilitare la navigazione dell\u2019utente senza che vi sia alcun rapporto tra il contenuto del Sito e quello del sito terzo raggiunto rispetto al quale Kayser Italia S.r.l. non ha alcun controllo e non fornisce alcuna garanzia.<\/p>\n\n\n\n<p>Si ricorda inoltre che eventuali siti terzi richiamati attraverso link presenti sul Sito sono disciplinati da termini e condizioni diversi e separati rispetto alle presenti Condizioni Generali e che esulano dalle stesse.<\/p>\n\n\n\n<p><strong>Diritti di propriet\u00e0 intellettuale ed industriale<\/strong><\/p>\n\n\n\n<p>Tutti i contenuti, i marchi, i nomi a dominio e i segni distintivi riprodotti sul Sito (congiuntamente definiti i \u201cContenuti del Sito\u201d) sono di propriet\u00e0 esclusiva di Kayser Italia S.r.l. e dei propri licenzianti. A titolo esemplificativo, ma non esaustivo, i Contenuti del Sito possono comprendere:<\/p>\n\n\n\n<ul class=\"wp-block-list\"><li>i testi.<\/li><li>le fotografie.<\/li><li>i filmati.<\/li><li>le banche dati.<\/li><li>i grafici e le tabelle.<\/li><li>gli slogan.<\/li><li>le riproduzioni audio.<\/li><li>i disegni animati o meno.<\/li><li>qualunque rappresentazione grafica e\/o di testo in genere.<\/li><\/ul>\n\n\n\n<p>Nei limiti previsti dalla legge, non \u00e8 possibile utilizzare i Contenuti del Sito, copiare e\/o riprodurre in tutto o in parte i Contenuti del Sito e svolgere qualsiasi altra attivit\u00e0 relativa ai Contenuti del Sito senza l\u2019espressa autorizzazione di Kayser Italia S.r.l.<\/p>\n\n\n\n<p><strong>Caratteristiche del servizio<\/strong><\/p>\n\n\n\n<p>Kayser Italia S.r.l., pur adottando tutte le soluzioni dal punto di vista tecnologico pi\u00f9 innovative ed all\u2019avanguardia per fare in modo che il Sito sia costantemente accessibile e privo di difetti di ogni genere, rende noto che lo stesso potrebbe non essere raggiungibile e\/o compatibile con i sistemi informatici utilizzati per accedervi n\u00e9 privo di errori, virus e\/o ulteriori malfunzionamenti di tipo informatico.<\/p>\n\n\n\n<p>Kayser Italia S.r.l.. non fornisce alcuna garanzia in relazione al corretto funzionamento e alla mancanza di errori e\/o virus sul Sito. Di conseguenza, chiunque accede al Sito riconosce ed accetta espressamente che la sua utilizzazione deve intendersi compiuta \u201con as available basis\u201d.<\/p>\n\n\n\n<p><strong>Modalit\u00e0 di utilizzo del Sito<\/strong><\/p>\n\n\n\n<p>In aggiunta a quanto previsto al precedente paragrafo 2, i Contenuti del Sito non possono \u2013 nei limiti previsti dalla legge \u2013 essere, in tutto o in parte, copiati, riprodotti, ripubblicati, caricati, trascritti, trasmessi o distribuiti, in qualsiasi modo o forma, senza avere ottenuto la preventiva autorizzazione scritta da parte di Kayser Italia S.r.l. ., fatta salva la possibilit\u00e0 di stampare, effettuare il download e visualizzazione i Contenuti del Sito compiute per scopi esclusivamente personali e non commerciali ed a condizione che il materiale in questione non sia in alcun modo modificato e siano mantenute tutte le informazioni relative ai diritti di propriet\u00e0 intellettuale e\/o industriale ivi apposte.<\/p>\n\n\n\n<p>Al contempo, i Contenuti del Sito non potranno, in tutto o in parte, essere diffusi attraverso canali di comunicazione, quali la Rete Internet, i sistemi televisivi, radiofonici o di qualunque altra natura in mancanza di preventiva autorizzazione scritta da parte di Kayser Italia S.r.l.<\/p>\n\n\n\n<p>I Contenuti nel Sito non potranno, inoltre, essere utilizzati per scopi commerciali al fine, tra gli altri, di costituire banche dati di ogni tipo e genere, n\u00e9 essere archiviati (in tutto o in parte) in banche dati preesistenti, sia accessibili esclusivamente da parte del costitutore sia messe a disposizione di terzi.<\/p>\n\n\n\n<p><strong>Linking<\/strong><\/p>\n\n\n\n<p>E\u2019 possibile creare link al Sito e\/o ad ogni pagina dello stesso solo con la previa autorizzazione scritta di Kayser Italia S.r.l.. A tal fine, \u00e8 necessario che venga inviata una richiesta in tal senso a mezzo e-mail all\u2019indirizzo email&nbsp;&nbsp;<a href=\"mailto:gdpr@kayser.it\">gdpr@kayser.it<\/a>&nbsp; in cui dovranno essere indicati: (a) i dati relativi alla persona responsabile degli aspetti tecnici di gestione dei link di collegamento (incluso l\u2019indirizzo e-mail ed il numero di telefono); (b) i dati della societ\u00e0 richiedente; (c) l\u2019indicazione dell\u2019indirizzo web del sito ove verr\u00e0 creato il link di collegamento con la Home Page; e (d) qualsiasi ulteriore informazione sia ritenuta utile al fine di ottenere l\u2019autorizzazione da parte di Kayser Italia S.r.l.<\/p>\n\n\n\n<p>Ove autorizzati da Kayser Italia S.r.l., i link al Sito dovranno conformarsi strettamente alle eventuali indicazioni contenute nell\u2019autorizzazione scritta inviata Kayser Italia S.r.l.. e in ogni caso non dovranno comportare in alcun modo la modifica o alterazione dei Contenuti del Sito.<\/p>\n\n\n\n<p>Senza la preventiva autorizzazione scritta di Kayser Italia S.r.l.., non \u00e8 in alcun modo consentito creare dei link di collegamento alla home page del Sito n\u00e9 tanto meno a pagine interne e\/o accessorie del Sito, creando di fatto un c.d. \u201cdeep link\u201d, n\u00e9 agganciare o presentare il contenuto del Sito all\u2019interno di un altro sito Web, ponendo in essere di conseguenza un c.d. \u201cframing\u201d. A tale proposito si segnala che la violazione di quanto indicato poc\u2019anzi integra gli estremi di una condotta concorrenzialmente sleale, perseguibile in base alle vigenti norme in materia.<\/p>\n\n\n\n<p><strong>Materiale inviato a Kayser Italia S.r.l.<\/strong><\/p>\n\n\n\n<p>L\u2019invio da parte degli utenti del Sito a Kayser Italia S.r.l., via e-mail o tramite il Sito, di qualunque materiale comporter\u00e0 l\u2019implicita autorizzazione a che lo stesso venga liberamente riprodotto, usato, rivelato, mostrato, trasformato, utilizzato per farne copie e distribuito a terzi senza alcun limite. Allo stesso modo, nei limiti previsti dalla legge, tutti i testi, le idee, i concetti, il know-how e\/o le conoscenze tecniche eventualmente contenuti nel materiale in questione potranno essere liberamente utilizzati e sfruttati economicamente da Kayser Italia S.r.l. per qualsiasi scopo, ivi inclusi, a titolo esemplificativo e non esaustivo, lo sviluppo, la produzione e la commercializzazione di prodotti che utilizzano tale materiale o ad esso connessi o collegati. Tramite l\u2019invio del materiale a Kayser Italia S.r.l. l\u2019utente dichiara e garantisce di esserne l\u2019esclusivo titolare, o comunque di avere ottenuto il diritto di usare liberamente lo stesso con conseguente totale esclusione del rischio che la sua utilizzazione possa determinare violazione di diritti di ogni genere e sorta in capo a terzi.<\/p>\n\n\n\n<p><strong>Curricula&nbsp;inviati a&nbsp;Kayser Italia S.r.l.<\/strong><\/p>\n\n\n\n<p>I curricula inviati a Kayser Italia S.r.l., via e-mail o tramite il Sito, saranno conservati, a partire&nbsp;dal loro ricevimento\/aggiornamento, per un periodo massimo di 12 mesi per la gestione della candidatura, dopo di ch\u00e9 verranno cancellati.<\/p>\n\n\n\n<p><strong>Legge Applicabile e Foro Competente<\/strong><\/p>\n\n\n\n<p>&nbsp;Le Condizioni Generali sono regolate dalla legge italiana e in caso di controversie relative alle presenti Condizioni Generali e al Sito, il tribunale di Livorno avr\u00e0 competenza esclusiva ferma restando la competenza del foro del luogo di residenza dei consumatori.<\/p>\n\n\n\n<p><strong>Accesso al Sito dall\u2019estero<\/strong><\/p>\n\n\n\n<p>&nbsp;Chiunque accede al Sito da un Paese diverso dall\u2019Italia \u00e8 tenuto a comportarsi nel pieno rispetto delle Condizioni Generali e delle leggi vigenti nell\u2019ambito di quest\u2019ultimo Paese e garantisce espressamente che non utilizzer\u00e0 il Sito ed il materiale in esso contenuto in maniera tale da determinare una violazione delle leggi poc\u2019anzi menzionate.<\/p>\n\n\n\n<p><strong>Modifiche o integrazioni del Sito<\/strong><\/p>\n\n\n\n<p>Kayser Italia S.r.l. informa che potr\u00e0 in qualsiasi momento, in totale autonomia ed a propria discrezione, sostituire, aggiungere, modificare e\/o integrare il Sito e\/o il materiale in esso contenuto cos\u00ec come la tecnologia utilizzata. A questo proposito Kayser Italia S.r.l. rende espressamente noto che tali attivit\u00e0 potrebbero comportare l\u2019impossibilit\u00e0 temporanea o definitiva di accedere al Sito e\/o al suo contenuto.<\/p>\n\n\n\n<p><strong>Informativa Privacy<\/strong><\/p>\n\n\n\n<p>Ai sensi dell\u2019articolo 13, D.Lgs. 196\/2003 recante disposizioni a tutela dei dati personali (il \u201cCodice Privacy\u201d), Kayser Italia S.r.l.. con sede legale a Livorno, Via di Popogna, 501 in qualit\u00e0 di titolare del trattamento dei dati raccolti tramite il Sito, informa l\u2019utente che i dati personali dallo stesso forniti ed acquisiti contestualmente (i) alla richiesta di informazioni in merito ai servizi offerti da tale impresa e\/o alla compilazione di moduli o form presenti sul Sito, (ii) al momento della navigazione sul Sito attraverso i c.d. \u201clog\u201d di sistema, verranno trattati per gli scopi di seguito indicati:<\/p>\n\n\n\n<ul class=\"wp-block-list\"><li>per finalit\u00e0 strettamente connesse e\/o necessarie alla soddisfazione delle richieste formulate, di volta in volta, dall\u2019utente attraverso il Sito o a mezzo e-mail od altro strumento di comunicazione;<\/li><li>per finalit\u00e0 connesse alla necessit\u00e0 di conformarsi con gli obblighi previsti da leggi, regolamenti e dalla normativa comunitaria nonch\u00e9 da disposizioni impartite da autorit\u00e0 a ci\u00f2 legittimate dalla legge o da organi di vigilanza e controllo o per difendere un diritto di fronte alle autorit\u00e0 competenti;<\/li><\/ul>\n\n\n\n<p>In relazione alle sopra indicate finalit\u00e0, il trattamento dei dati avverr\u00e0 attraverso strumenti informatici e\/o telematici, ovvero su supporto cartaceo, e comunque mediante strumenti idonei a garantirne il rispetto dei requisiti di riservatezza e delle misure di sicurezza previste dal Codice Privacy. I sistemi informatici ed i software saranno configurati in modo da minimizzare l\u2019uso di dati personali ed identificativi che non siano necessari per le finalit\u00e0 di trattamento sopra indicate.<\/p>\n\n\n\n<p>Con riferimento alle finalit\u00e0 sopra indicate, si informa che il conferimento dei dati \u00e8 obbligatorio per il perseguimento delle finalit\u00e0 di cui ai punti (a) e (b) che precedono, con la conseguenza che, in tali ipotesi, un eventuale rifiuto di conferimento determiner\u00e0 l\u2019impossibilit\u00e0 per Kayser Italia S.r.l.di soddisfare ed evadere le richieste o le segnalazioni degli utenti e per questi ultimi di usufruire del corrispondente servizio disponibile tramite il Sito.<\/p>\n\n\n\n<p>In relazione al conferimento dei dati per le finalit\u00e0 di cui al punto (c) che precede, l\u2019utente, al momento della raccolta dei dati e\/o in occasione dell\u2019invio di ogni comunicazione effettuata per le finalit\u00e0 di cui al menzionato punto (c), avr\u00e0 facolt\u00e0 di manifestare la propria opposizione al trattamento dei dati seguendo le istruzioni riportate in ciascuna comunicazione od inviando una richiesta in tale senso a Kayser Italia S.r.l. come di seguito indicato.<\/p>\n\n\n\n<p>Per l\u2019offerta di taluni servizi e\/o lo svolgimento di talune attivit\u00e0, il trattamento dei dati \u00e8 effettuato direttamente da Kayser Italia S.r.l.. in qualit\u00e0 di responsabili e\/o incaricati del trattamento, cui i dati potranno essere comunicati per soddisfare le finalit\u00e0 sopra indicate ovvero in forza di specifici obblighi di legge, ed in particolare:<\/p>\n\n\n\n<ol class=\"wp-block-list\"><li>a) ai soggetti, persone fisiche e\/o giuridiche, incaricati da Kayser Italia S.r.l.. di svolgere interventi tecnici di riparazione, manutenzione ordinaria e straordinaria, interventi di ripristino ed aggiornamento del Sito;<\/li><\/ol>\n\n\n\n<p>Un elenco aggiornato e completo di tali soggetti \u00e8 a disposizione dell\u2019utente e di chiunque ne abbia interesse presso la sede di Kayser Italia S.r.l.<\/p>\n\n\n\n<p>In ogni caso, i dati non saranno soggetti a diffusione.<\/p>\n\n\n\n<p>Resta in ogni caso salva la possibilit\u00e0 per l\u2019utente di esercitare i diritti di cui all\u2019articolo 7 del D.Lgs. n. 196\/2003, che viene di seguito integralmente ritrascritto.<\/p>\n\n\n\n<p>\u201cArt. 7. Diritto di accesso ai dati personali ed altri diritti<\/p>\n\n\n\n<ol class=\"wp-block-list\"><li>L\u2019interessato ha diritto di ottenere la conferma dell\u2019esistenza o meno di dati personali che lo riguardano, anche se non ancora registrati, e la loro comunicazione in forma intelligibile.<\/li><li>L\u2019interessato ha diritto di ottenere l\u2019indicazione:<ol><li>dell\u2019origine dei dati personali;<\/li><li>delle finalit\u00e0 e modalit\u00e0 del trattamento;<\/li><li>della logica applicata in caso di trattamento effettuato con l\u2019ausilio di strumenti elettronici;<\/li><li>degli estremi identificativi del titolare, dei responsabili e del rappresentante designato ai sensi dell\u2019articolo 5, comma 2;<\/li><li>dei soggetti o delle categorie di soggetti ai quali i dati personali possono essere comunicati o che possono venirne a conoscenza in qualit\u00e0 di rappresentante designato nel territorio dello Stato, di responsabili o incaricati.<\/li><\/ol><\/li><li>L\u2019interessato ha diritto di ottenere:<ol><li>l\u2019aggiornamento, la rettificazione ovvero, quando vi ha interesse, l\u2019integrazione dei dati;<\/li><li>la cancellazione, la trasformazione in forma anonima o il blocco dei dati trattati in violazione di legge, compresi quelli di cui non \u00e8 necessaria la conservazione in relazione agli scopi per i quali i dati sono stati raccolti o successivamente trattati;<\/li><li>l\u2019attestazione che le operazioni di cui alle lettere a) e b) sono state portate a conoscenza, anche per quanto riguarda il loro contenuto, di coloro ai quali i dati sono stati comunicati o diffusi, eccettuato il caso in cui tale adempimento si rivela impossibile o comporta un impiego di mezzi manifestamente sproporzionato rispetto al diritto tutelato.<\/li><\/ol><\/li><li>L\u2019interessato ha diritto di opporsi, in tutto o in parte:<ol><li>per motivi legittimi al trattamento dei dati personali che lo riguardano, ancorch\u00e9 pertinenti allo scopo della raccolta;<\/li><li>al trattamento di dati personali che lo riguardano a fini di invio di materiale pubblicitario o di vendita diretta o per il compimento di ricerche di mercato o di comunicazione commerciale\u201d.<\/li><\/ol><\/li><\/ol>\n\n\n\n<p>I diritti di cui all\u2019art. 7 che precede possono essere esercitati dall\u2019interessato, in qualsiasi momento, scrivendo a Kayser Italia S.r.l. Livorno, via di Popogna, 501 email&nbsp;<a href=\"mailto:gdpr@kayser.it\">gdpr@kayser.it<\/a>.<\/p>\n","protected":false},"excerpt":{"rendered":"<p>Condizioni Generali del Sito Le presenti Condizioni Generali (le \u201cCondizioni Generali\u201d) di Utilizzo del Sito www.kayser.it (il \u201cSito\u201d) gestito da Kayser Italia S.r.l.&nbsp; con sede legale in Livorno, Via di Popogna, 501 partita I.V.A. n. : 00827910498 regolano le attivit\u00e0 svolte sul Sito e ogni utente che accede al Sito riconosce e accetta le presenti&hellip;<\/p>\n","protected":false},"author":1,"featured_media":0,"parent":0,"menu_order":0,"comment_status":"closed","ping_status":"closed","template":"","meta":{"footnotes":""},"class_list":["post-507","page","type-page","status-publish","hentry"],"_links":{"self":[{"href":"http:\/\/www.bioreactorexpress.com\/index.php?rest_route=\/wp\/v2\/pages\/507","targetHints":{"allow":["GET"]}}],"collection":[{"href":"http:\/\/www.bioreactorexpress.com\/index.php?rest_route=\/wp\/v2\/pages"}],"about":[{"href":"http:\/\/www.bioreactorexpress.com\/index.php?rest_route=\/wp\/v2\/types\/page"}],"author":[{"embeddable":true,"href":"http:\/\/www.bioreactorexpress.com\/index.php?rest_route=\/wp\/v2\/users\/1"}],"replies":[{"embeddable":true,"href":"http:\/\/www.bioreactorexpress.com\/index.php?rest_route=%2Fwp%2Fv2%2Fcomments&post=507"}],"version-history":[{"count":1,"href":"http:\/\/www.bioreactorexpress.com\/index.php?rest_route=\/wp\/v2\/pages\/507\/revisions"}],"predecessor-version":[{"id":508,"href":"http:\/\/www.bioreactorexpress.com\/index.php?rest_route=\/wp\/v2\/pages\/507\/revisions\/508"}],"wp:attachment":[{"href":"http:\/\/www.bioreactorexpress.com\/index.php?rest_route=%2Fwp%2Fv2%2Fmedia&parent=507"}],"curies":[{"name":"wp","href":"https:\/\/api.w.org\/{rel}","templated":true}]}}